7*x + 5. Let r(d) = -3*c(d) + i(d). Let h(f) = 3*f + 2. Let z(w) = q*r(w) + 3*h(w). Determine z(-3).
-1
Let o = -65 - -59. Let m(l) = l + 10. What is m(o)?
4
Let x(c) = -3*c**3 + 21*c**2 - 32*c + 10. Let s(b) = -2*b**3 + 14*b**2 - 21*b + 7. Let o(r) = -8*s(r) + 5*x(r). What is o(6)?
6
Let d(m) be the second derivative of m**6/720 + m**5/120 + m**4/4 + m. Let o(g) be the third derivative of d(g). Calculate o(5).
6
Let d be (-3)/(-2)*(-10)/(-15). Let k(v) = -2 + d - 19*v + 18*v. Determine k(6).
-7
Let h(u) be the third derivative of u**5/60 - 5*u**3/6 + u**2. Let b = -1 + 1. Let t be (b/14)/(1*-1). What is h(t)?
-5
Let o(i) = -i**2 + 2*i - 6. Let h(a) = a - 1. Suppose -k + 2*k = 6. Let g(z) = k*h(z) - o(z). Give g(-5).
5
Let i(k) = k**3 - 4*k + 3. Let x be i(2). Let v = 2 + -2. Let d(p) = -1 + p**2 + v - 7*p + 3*p. What is d(x)?
-4
Let r(a) = a**3 + a - 1. Let h(k) = -7*k**3 - 5*k**2 - 8*k + 9. Let u(y) = -h(y) - 6*r(y). Let m be 24/9*6/(-4). Calculate u(m).
5
Let d(o) = -4*o + 4*o**2 - 3*o**2 - 10*o + 11*o - 6. Determine d(-4).
22
Let l be 3*6/9 - -4. Let h(j) = -j**2 + 6*j + 4. What is h(l)?
4
Let k(o) be the third derivative of -o**7/840 + o**6/720 + 7*o**5/60 - 2*o**2. Let x(q) be the third derivative of k(q). Suppose 2*s + 1 = 3*s. Determine x(s).
-5
Let i(k) = 8*k**2 - 7*k**2 - 8 - 6*k + 0*k**2. What is i(7)?
-1
Let a(k) = k**3 + k**2 - 2*k + 1. Let j be 12/18*(-1 + 4). Calculate a(j).
9
Let n(i) = -5*i - i**2 - 4 - 6 + 4. Determine n(-4).
-2
Let j = -3 - 11. Let p = 12 + j. Let v(u) = -4*u - 1. Give v(p).
7
Let y(h) = -5*h**2 + 26*h + 11. Let f(q) = -2*q**2 + 9*q + 4. Suppose -2*d + 20 = 2*d. Let c = -8 + d. Let g(n) = c*y(n) + 8*f(n). What is g(-4)?
7
Let w(r) = r**3 + 3*r**2 - 3*r - 1. Suppose -4*h + 4 = 4*p - 4, -4*h - 5*p + 5 = 0. Suppose 18 = -h*s + 3. Give w(s).
8
Suppose 3*z - 6 = 18. Let o be z/(-12)*3/(-2). Let b(l) be the second derivative of -l**5/20 - l**4/12 + l**3/3 - l**2/2 - l. What is b(o)?
-1
Suppose 0 = 4*y - 5*o - 33, y - 9*o = -6*o + 10. Let j(q) = -q + 1. Determine j(y).
-6
Suppose -5*z + a - 43 = 0, 0*a + 2*a = -5*z - 34. Let p = -13 - z. Let c(b) = -b**3 - 4*b**2 + 6*b + 3. Give c(p).
-2
Let h(s) = -4*s - 2. Let q be h(-2). Suppose q = -k - k. Let w(b) = -b + 4. Determine w(k).
7
Suppose -4*b = 6*z - z - 1, -z + 13 = 4*b. Let c be z*(96/(-9))/4. Suppose -t = 2, -4*t = -5*w - 0*t + c. Let v(d) = -d**2 + d - 7. Calculate v(w).
-7
Let m(x) = x**2 + x + 1. Let t(z) = -5*z**2 - 1. Let h be -1*(-1 + 0 + 0). Let f be t(h). Let l be (-4)/f*(1 - 4). What is m(l)?
3
Suppose 4 = 4*d - 3*d. Let y be 4 + (6 - 3) + -2. Let f = y - d. Let j(u) = u**3 - u**2 + 2*u - 1. What is j(f)?
1
Let g(a) = -a - 8. Let q be 168/(-27) + 4/18. Give g(q).
-2
Let a be (-4)/(-14) + 95/35. Let b(t) be the second derivative of a*t + 2/3*t**3 - 1/12*t**4 + 0 + 7/2*t**2. What is b(5)?
2
Let m(p) be the second derivative of -p**4/12 - 4*p**2 - 10*p. Determine m(0).
-8
Suppose 3*z + 6 + 3 = 0. Let d = 2 + z. Let o(f) = f**3 - 3*f + 1. Let p(b) = -4*b + 1. Let y(u) = -5*o(u) + 4*p(u). Calculate y(d).
5
Let w be ((-36)/(-27))/(4/6). Let c(l) be the first derivative of -1/2*l**2 + w*l**4 + 0*l - 2 + 1/3*l**3. Calculate c(1).
8
Let y(t) = 0*t**2 + t - t**2 + 10*t**3 - 11*t**3 - t**2. Calculate y(1).
-2
Suppose 6*g - 6 + 0 = 0. Let j(a) = -5*a**3 + 2*a - 1. Give j(g).
-4
Let v(y) = -y**3 + y**2 - 2*y + 1. Suppose -4*h - h + 3 = g, 0 = -4*h. Suppose -2*p - g = 1. What is v(p)?
17
Let f(z) be the second derivative of -z**5/20 - z**3/6 + z**2/2 + 11*z. What is f(0)?
1
Let x = 0 - 2. Let v(l) be the first derivative of l**4/12 + l**3/3 + l**2/2 - 13*l + 13. Let r(p) be the first derivative of v(p). What is r(x)?
1
Let q(t) be the first derivative of -7 + 3/2*t**2 + 3*t + 1/3*t**3. Suppose c + 0*j = -j - 1, 0 = c - 4*j + 16. What is q(c)?
7
Let s(z) be the third derivative of z**6/120 + z**5/60 + z**3/6 - 10*z**2. What is s(0)?
1
Let t(k) be the third derivative of -k**7/2520 - k**6/720 - k**5/20 - k**4/24 - 3*k**2. Let g(m) be the second derivative of t(m). Calculate g(0).
-6
Let q(r) = -r**3 + 6*r**2 - 5*r + 2. Let k(b) = b**3 + 8*b**2 - 10*b - 9. Let l be k(-9). Let y be 4 + (-1 + l - -2). What is q(y)?
2
Let c(o) = -o**2 + 2*o - 2. Let n be ((-1 - 7) + -3)*-2. Let l = 24 - n. Give c(l).
-2
Let d = 2 - 0. Let s(i) be the first derivative of -1/2*i**d - 1/3*i**3 + 3*i + 1. What is s(-3)?
-3
Let x(r) = 7*r**3 + 4*r**2 - 9*r + 9. Let h(k) = -k**3 - k**2 + k - 1. Let i(t) = -6*h(t) - x(t). Let c be 2/8 + 44/16. Let u = c - 0. Give i(u).
-3
Let f(a) be the second derivative of 0 - a - a**3 - 1/15*a**5 + 1/120*a**6 + 1/12*a**4 + 1/2*a**2. Let q(x) be the first derivative of f(x). Determine q(4).
2
Suppose 2*s - 2 = -2*y, 4*y + 2 = -2*s + s. Let x(p) = -4*p + p**2 - 6*p - 2*p**s - 4 + 3*p. Give x(-5).
6
Suppose -3*a - 17 + 5 = 0. Let c(t) be the third derivative of t**5/60 + t**4/4 + t**3/2 - 11*t**2. Determine c(a).
-5
Suppose b = -0*b + 2. Let i(r) = -4 + 2*r**2 + 4*r + 0*r**3 - r**3 + r**b. Let s(p) = -7*p - 10. Let l be s(-2). Determine i(l).
-4
Let s(g) = g**2 + 8*g + 1. Let y = -31 - -23. Calculate s(y).
1
Let u(i) = -2*i. Let a be (-3)/(-15) - 148/(-10). Suppose -4*w = 3 - a. Give u(w).
-6
Suppose 0*x - x + 3*a + 14 = 0, a = 4*x - 12. Let z(y) = y**3 + 0*y**x - 1 - 2 - y**2. Let n(u) = u**2 - 8*u + 7. Let r be n(7). What is z(r)?
-3
Let b(f) = -f**3 + 7*f**2 - 7*f + 1. Let w be b(6). Let r(h) be the third derivative of h**2 + 0 - 1/2*h**3 - 1/24*h**4 + 0*h. Calculate r(w).
2
Let f(r) = 2*r**2 - 5*r + 1. Suppose -7*g = -2*b - 3*g + 8, -4*b + 5*g + 16 = 0. What is f(b)?
13
Let x(f) = -2*f**2 + 2*f - 1. Let d = 9 - 5. Let t be (-4)/d*(-6)/(-2). Let u be (-5 + t/(-1))/(-2). Give x(u).
-1
Let x(r) be the second derivative of 0 + 0*r**2 + 3*r + 7/20*r**5 - 1/12*r**4 + 1/6*r**3. What is x(1)?
7
Let y(s) be the third derivative of s**5/60 + s**4/8 + 2*s**3/3 + 9*s**2 + s. Give y(3).
22
Let q(v) = 5*v + 3. Let l(c) = -c. Let y(f) = 6*l(f) + q(f). What is y(-3)?
6
Let l(k) = k**3 + 19*k**2 + k + 9. Let w be l(-19). Let c(i) = i + 11. Calculate c(w).
1
Let v(l) be the third derivative of l**7/5040 - l**5/30 - l**2. Let d(b) be the third derivative of v(b). Give d(1).
1
Let m(q) = q**3 - 6*q**2 + 7*q - 6. Let n be m(5). Let z(j) be the second derivative of -1/12*j**4 + 1/2*j**3 + 0 + j + j**2. Determine z(n).
-2
Let b be (-16)/24 + (-26)/(-3). Suppose -4*u = -2*z - b, -u = -3*u - 5*z - 8. Let n(a) = 10*a + 1. Determine n(u).
11
Let w(j) = -2*j**3 + 3*j**2 - j - 1. Suppose -i = 4*t - 6, 0 = 2*i + 5*t - 9. Suppose -5*f + i = -4*f. What is w(f)?
-7
Let n(z) = 2*z - 3*z - 3*z + z**2 + 0*z**2. Give n(4).
0
Let r(t) = 5*t**2 - 3 - 6*t**2 + 2*t**2 + 0 + 4*t. Suppose 0 = -2*h - 4 + 18. Suppose -j - h = 3*k, -4*j + 31 = -4*k - j. Determine r(k).
-3
Let p be (-2)/(-4) + -10*1/4. Let d(u) = -u. Determine d(p).
2
Let b be -3 + 5 - (-1 + 0). Let u(t) = -b*t + 1 + t + 3*t. Determine u(-3).
-2
Suppose 0*q + 27 = 3*q. Let d = q - 6. Let m(i) = i**2 - 8*i + 2. What is m(d)?
-13
Let n(c) = 3*c + 2. Let h be n(1). Let r(u) = -4*u + 11*u - 3*u**3 - 6 + 2*u**3 + 4*u**2. What is r(h)?
4
Let r(c) = -1. Let l(q) = q - 2. Let b(u) = 2*l(u) + 6*r(u). What is b(8)?
6
Let d(k) = 2*k**2 - 5*k - 4. Let y = 16 - 11. Suppose x - y + 2 = 0, -x = -3*q + 9. Determine d(q).
8
Let j(l) = 16*l**2 + l. Let w be 1/2*1*-1*-2. Give j(w).
17
Let l(r) = -r**2 + 2*r**2 - 8*r - r - 4 + 5*r. Calculate l(4).
-4
Let u be 0 - -6 - (1 - -1). Let a(k) = -4 - u*k + 5 + 7*k. Give a(1).
4
Let q(h) = 16*h**2 + 5*h + 16. Let i(w) = -3*w**2 - w - 3. Suppose 5*r + 2*k = -8, -2*r = -4*k + 5 + 3. Let s(t) = r*q(t) - 11*i(t). Calculate s(0).
1
Let m(v) = 2*v**2 - v. Let d(p) = -p + 9. Let h be d(7). Let o(x) = -x**3 + 6*x - 5 - 5*x**2 - x**h + 0*x**3. Let k be o(-7). Determine m(k).
6
Let l(k) = 2*k**2 - 1 - 36*k + 3*k**3 + 75*k - 39*k. Determine l(1).
4
Suppose -3*z = 1 - 16. Let l(h) = -6 - 3*h - 4*h**2 + 8*h + z*h**2. Let j be 1/(-2*2/20). What is l(j)?
-6
Let l(j) = -j**3 + 2*j**2 + j - 1. Suppose 3*q = -d - 7, -4 = -2*d + 5*q + 15. Give l(d).
1
Let d(k) = 2*k - 8. Let s be d(7). Let v(h) = -h**2 + 7*h - 3. Let w be v(s). Let a = -3 + w. Let f(p) = -p**3 - p**2 - p - 7. Determine f(a).
-7
Suppose -4*x + 24 = 2*q, 0*q - 3*q 